{"id":789,"date":"2018-08-29T20:53:32","date_gmt":"2018-08-29T23:53:32","guid":{"rendered":"https:\/\/isfd53-bue.infd.edu.ar\/sitio\/autoridades\/"},"modified":"2025-10-28T17:13:53","modified_gmt":"2025-10-28T20:13:53","slug":"autoridades","status":"publish","type":"page","link":"https:\/\/isfd53-bue.infd.edu.ar\/sitio\/autoridades\/","title":{"rendered":"Autoridades"},"content":{"rendered":"\n<p class=\"has-text-align-left\">Directora:&nbsp;<em>Fernandez Gladys<\/em><\/p>\n\n\n\n<p>Vice Directora: <em>Herrera Cecilia<\/em><\/p>\n\n\n\n<p>Regente: &nbsp;<em>Fadul Mar\u00eda Laura<\/em><\/p>\n\n\n\n<p>Regente: <em>Raddi Fabio<\/em><\/p>\n\n\n\n<p>Secretario: Mendez Roberto<\/p>\n\n\n\n<p>Jefa de \u00c1rea Primaria:&nbsp;<em>Moreyra Rodolfo<\/em><\/p>\n\n\n\n<p>Jefe de \u00c1rea Enfermer\u00eda:&nbsp;<em>Taborda Monica<\/em><\/p>\n\n\n\n<p class=\"has-text-align-center\"><span style=\"text-decoration: underline; font-size: 12pt; font-family: arial, helvetica, sans-serif;\">&nbsp;<\/span><\/p>\n","protected":false},"excerpt":{"rendered":"<p>Directora:&nbsp;Fernandez Gladys Vice Directora: Herrera Cecilia Regente: &nbsp;Fadul Mar\u00eda Laura Regente: Raddi Fabio Secretario: Mendez Roberto Jefa de \u00c1rea Primaria:&nbsp;Moreyra Rodolfo Jefe de \u00c1rea Enfermer\u00eda:&nbsp;Taborda Monica &nbsp;<\/p>\n","protected":false},"author":12,"featured_media":0,"parent":0,"menu_order":0,"comment_status":"closed","ping_status":"closed","template":"","meta":[],"acf":[],"_links":{"self":[{"href":"https:\/\/isfd53-bue.infd.edu.ar\/sitio\/wp-json\/wp\/v2\/pages\/789"}],"collection":[{"href":"https:\/\/isfd53-bue.infd.edu.ar\/sitio\/wp-json\/wp\/v2\/pages"}],"about":[{"href":"https:\/\/isfd53-bue.infd.edu.ar\/sitio\/wp-json\/wp\/v2\/types\/page"}],"author":[{"embeddable":true,"href":"https:\/\/isfd53-bue.infd.edu.ar\/sitio\/wp-json\/wp\/v2\/users\/12"}],"replies":[{"embeddable":true,"href":"https:\/\/isfd53-bue.infd.edu.ar\/sitio\/wp-json\/wp\/v2\/comments?post=789"}],"version-history":[{"count":6,"href":"https:\/\/isfd53-bue.infd.edu.ar\/sitio\/wp-json\/wp\/v2\/pages\/789\/revisions"}],"predecessor-version":[{"id":2667,"href":"https:\/\/isfd53-bue.infd.edu.ar\/sitio\/wp-json\/wp\/v2\/pages\/789\/revisions\/2667"}],"wp:attachment":[{"href":"https:\/\/isfd53-bue.infd.edu.ar\/sitio\/wp-json\/wp\/v2\/media?parent=789"}],"curies":[{"name":"wp","href":"https:\/\/api.w.org\/{rel}","templated":true}]}}