{"id":782,"date":"2018-08-29T20:53:29","date_gmt":"2018-08-29T23:53:29","guid":{"rendered":"https:\/\/isfd53-bue.infd.edu.ar\/sitio\/historia\/"},"modified":"2019-09-09T16:04:05","modified_gmt":"2019-09-09T19:04:05","slug":"historia","status":"publish","type":"page","link":"https:\/\/isfd53-bue.infd.edu.ar\/sitio\/historia\/","title":{"rendered":"Historia Institucional"},"content":{"rendered":"<p><img decoding=\"async\" loading=\"lazy\" class=\"wp-image-823 alignleft\" src=\"https:\/\/isfd53-bue.infd.edu.ar\/sitio\/wp-content\/uploads\/2019\/09\/to.png\" alt=\"\" width=\"350\" height=\"623\" \/><\/p>\n<table style=\"width: 662px; background-color: #add8e6; height: 507px;\" border=\"0\" align=\"center\">\n<tbody>\n<tr>\n<td>\n<h3><span style=\"font-size: 10pt;\">El Instituto Superior de Formaci\u00f3n Docente y T\u00e9cnica N<sup>0 <\/sup>53 inici\u00f3 sus actividades en Mayo de 1985, como culminaci\u00f3n de laboriosas gestiones iniciadas a\u00f1os antes, por un grupo de vecinos de Glew. Comenz\u00f3 a funcionar en la<\/span><span style=\"font-size: 13px;\">\u00a0sede de la Escuela Primaria\u00a0<\/span><span style=\"font-size: 13px;\">N\u00b0<\/span><sup>\u00a0<\/sup><span style=\"font-size: 13px;\">4.\u00a0<\/span><\/h3>\n<h3><span style=\"font-size: 13px;\">La primera carrera que se dict\u00f3 fue la de \u00abMagisterio Normal Superior\u00bb, agreg\u00e1ndose en a\u00f1os sucesivos, las carreras de \u00abMaestra Jardinera\u00bb y \u00abTrabajo Social\u00bb. Con el tiempo y los vaivenes de la pol\u00edtica educativa, se abrieron y cerraron carreras cortas como \u00abCapacitaci\u00f3n Directiva\u00bb, \u00abCapacitaci\u00f3n Docente\u00bb y peri\u00f3dicamente, cursos de actualizaci\u00f3n y perfeccionamiento docente.<\/span><\/h3>\n<h3><span style=\"font-size: 13px;\">En el a\u00f1o 2007, la Escuela\u00a0Primaria\u00a0N<sup>0 <\/sup><\/span><span style=\"font-size: 13px;\">4, logra construir un nuevo edificio, con lo cual, la sede en la que funcion\u00e1bamos queda exclusivamente para nuestro instituto.<\/span><\/h3>\n<h3><span style=\"font-size: 13px;\">En el a\u00f1o 2010, se agrega a la oferta educativa del \u00a0ISFDyT\u00a0N<sup>0\u00a0<\/sup>53, la \u00abTecnicatura en Enfermer\u00eda\u00bb.<\/span><\/h3>\n<h3><span style=\"font-size: 10pt;\">Miles de alumnos han transitado por nuestras aulas. Hoy tenemos el orgullo de verlos insertos en el sistema laboral y cumpliendo con su vocaci\u00f3n.<\/span><\/h3>\n<\/td>\n<\/tr>\n<\/tbody>\n<\/table>\n<p style=\"text-align: center;\">\n","protected":false},"excerpt":{"rendered":"<p>El Instituto Superior de Formaci\u00f3n Docente y T\u00e9cnica N0 53 inici\u00f3 sus actividades en Mayo de 1985, como culminaci\u00f3n de laboriosas gestiones iniciadas a\u00f1os antes, por un grupo de vecinos de Glew. Comenz\u00f3 a funcionar en la\u00a0sede de la Escuela Primaria\u00a0N\u00b0\u00a04.\u00a0 La primera carrera que se dict\u00f3 fue la de \u00abMagisterio Normal Superior\u00bb, agreg\u00e1ndose en &#8230; <a title=\"Historia Institucional\" class=\"read-more\" href=\"https:\/\/isfd53-bue.infd.edu.ar\/sitio\/historia\/\" aria-label=\"More on Historia Institucional\">[+]<\/a><\/p>\n","protected":false},"author":12,"featured_media":0,"parent":0,"menu_order":0,"comment_status":"closed","ping_status":"closed","template":"","meta":[],"acf":[],"_links":{"self":[{"href":"https:\/\/isfd53-bue.infd.edu.ar\/sitio\/wp-json\/wp\/v2\/pages\/782"}],"collection":[{"href":"https:\/\/isfd53-bue.infd.edu.ar\/sitio\/wp-json\/wp\/v2\/pages"}],"about":[{"href":"https:\/\/isfd53-bue.infd.edu.ar\/sitio\/wp-json\/wp\/v2\/types\/page"}],"author":[{"embeddable":true,"href":"https:\/\/isfd53-bue.infd.edu.ar\/sitio\/wp-json\/wp\/v2\/users\/12"}],"replies":[{"embeddable":true,"href":"https:\/\/isfd53-bue.infd.edu.ar\/sitio\/wp-json\/wp\/v2\/comments?post=782"}],"version-history":[{"count":4,"href":"https:\/\/isfd53-bue.infd.edu.ar\/sitio\/wp-json\/wp\/v2\/pages\/782\/revisions"}],"predecessor-version":[{"id":826,"href":"https:\/\/isfd53-bue.infd.edu.ar\/sitio\/wp-json\/wp\/v2\/pages\/782\/revisions\/826"}],"wp:attachment":[{"href":"https:\/\/isfd53-bue.infd.edu.ar\/sitio\/wp-json\/wp\/v2\/media?parent=782"}],"curies":[{"name":"wp","href":"https:\/\/api.w.org\/{rel}","templated":true}]}}