{"id":2428,"date":"2025-02-15T10:27:48","date_gmt":"2025-02-15T13:27:48","guid":{"rendered":"https:\/\/isfd53-bue.infd.edu.ar\/sitio\/?page_id=2428"},"modified":"2026-03-18T19:47:23","modified_gmt":"2026-03-18T22:47:23","slug":"nuevo-r-a-m","status":"publish","type":"page","link":"https:\/\/isfd53-bue.infd.edu.ar\/sitio\/nuevo-r-a-m\/","title":{"rendered":"NUEVO R.A.M."},"content":{"rendered":"\n<p>Nuevo R\u00e9gimen Acad\u00e9mico Marco Jurisdiccional para el Nivel Superior&nbsp;<\/p>\n\n\n\n<p>Comunicaci\u00f3n Conjunta N\u00b0 113_24 Ref.: Nuevo R\u00e9gimen Acad\u00e9mico Marco Jurisdiccional para el Nivel Superior \u2013 Resoc-2024-4196-GDEBA-DGCyE<\/p>\n\n\n\n<p><a href=\"https:\/\/isfd53-bue.infd.edu.ar\/sitio\/wp-content\/uploads\/2025\/02\/resoc-4196-24-regimen-academico-superior-53.pdf\" target=\"_blank\" rel=\"noreferrer noopener\">https:\/\/isfd53-bue.infd.edu.ar\/sitio\/wp-content\/uploads\/2025\/02\/resoc-4196-24-regimen-academico-superior-53.pdf<\/a><\/p>\n\n\n\n<p>Anexo 1<\/p>\n\n\n\n<p><a href=\"https:\/\/isfd53-bue.infd.edu.ar\/sitio\/wp-content\/uploads\/2025\/02\/if-2024-38567372-gdeba-sdifdidgcye-1.pdf\" target=\"_blank\" rel=\"noreferrer noopener\">https:\/\/isfd53-bue.infd.edu.ar\/sitio\/wp-content\/uploads\/2025\/02\/if-2024-38567372-gdeba-sdifdidgcye-1.pdf<\/a><\/p>\n\n\n\n<p>Anexo 2<\/p>\n\n\n\n<p><a href=\"https:\/\/isfd53-bue.infd.edu.ar\/sitio\/wp-content\/uploads\/2025\/02\/if-2024-38567372-gdeba-sdifdidgcye-1.pdf\" target=\"_blank\" rel=\"noreferrer noopener\">https:\/\/isfd53-bue.infd.edu.ar\/sitio\/wp-content\/uploads\/2025\/02\/if-2024-38567372-gdeba-sdifdidgcye-1.pdf<\/a><\/p>\n\n\n\n<p>Anexo 3<\/p>\n\n\n\n<p><a href=\"https:\/\/isfd53-bue.infd.edu.ar\/sitio\/wp-content\/uploads\/2025\/02\/if-2024-37932766-gdeba-dpesupdgcye-1.pdf\" data-type=\"URL\" data-id=\"https:\/\/isfd53-bue.infd.edu.ar\/sitio\/wp-content\/uploads\/2025\/02\/if-2024-37932766-gdeba-dpesupdgcye-1.pdf\" target=\"_blank\" rel=\"noreferrer noopener\">https:\/\/isfd53-bue.infd.edu.ar\/sitio\/wp-content\/uploads\/2025\/02\/if-2024-37932766-gdeba-dpesupdgcye.pdf<\/a><\/p>\n\n\n\n<p><\/p>\n","protected":false},"excerpt":{"rendered":"<p>Nuevo R\u00e9gimen Acad\u00e9mico Marco Jurisdiccional para el Nivel Superior&nbsp; Comunicaci\u00f3n Conjunta N\u00b0 113_24 Ref.: Nuevo R\u00e9gimen Acad\u00e9mico Marco Jurisdiccional para el Nivel Superior \u2013 Resoc-2024-4196-GDEBA-DGCyE https:\/\/isfd53-bue.infd.edu.ar\/sitio\/wp-content\/uploads\/2025\/02\/resoc-4196-24-regimen-academico-superior-53.pdf Anexo 1 https:\/\/isfd53-bue.infd.edu.ar\/sitio\/wp-content\/uploads\/2025\/02\/if-2024-38567372-gdeba-sdifdidgcye-1.pdf Anexo 2 https:\/\/isfd53-bue.infd.edu.ar\/sitio\/wp-content\/uploads\/2025\/02\/if-2024-38567372-gdeba-sdifdidgcye-1.pdf Anexo 3 https:\/\/isfd53-bue.infd.edu.ar\/sitio\/wp-content\/uploads\/2025\/02\/if-2024-37932766-gdeba-dpesupdgcye.pdf<\/p>\n","protected":false},"author":192,"featured_media":0,"parent":0,"menu_order":0,"comment_status":"closed","ping_status":"closed","template":"","meta":[],"acf":[],"_links":{"self":[{"href":"https:\/\/isfd53-bue.infd.edu.ar\/sitio\/wp-json\/wp\/v2\/pages\/2428"}],"collection":[{"href":"https:\/\/isfd53-bue.infd.edu.ar\/sitio\/wp-json\/wp\/v2\/pages"}],"about":[{"href":"https:\/\/isfd53-bue.infd.edu.ar\/sitio\/wp-json\/wp\/v2\/types\/page"}],"author":[{"embeddable":true,"href":"https:\/\/isfd53-bue.infd.edu.ar\/sitio\/wp-json\/wp\/v2\/users\/192"}],"replies":[{"embeddable":true,"href":"https:\/\/isfd53-bue.infd.edu.ar\/sitio\/wp-json\/wp\/v2\/comments?post=2428"}],"version-history":[{"count":5,"href":"https:\/\/isfd53-bue.infd.edu.ar\/sitio\/wp-json\/wp\/v2\/pages\/2428\/revisions"}],"predecessor-version":[{"id":2689,"href":"https:\/\/isfd53-bue.infd.edu.ar\/sitio\/wp-json\/wp\/v2\/pages\/2428\/revisions\/2689"}],"wp:attachment":[{"href":"https:\/\/isfd53-bue.infd.edu.ar\/sitio\/wp-json\/wp\/v2\/media?parent=2428"}],"curies":[{"name":"wp","href":"https:\/\/api.w.org\/{rel}","templated":true}]}}