{"id":1686,"date":"2021-04-15T22:17:41","date_gmt":"2021-04-16T01:17:41","guid":{"rendered":"https:\/\/isfd53-bue.infd.edu.ar\/sitio\/?page_id=1686"},"modified":"2021-04-15T22:33:39","modified_gmt":"2021-04-16T01:33:39","slug":"presentacion","status":"publish","type":"page","link":"https:\/\/isfd53-bue.infd.edu.ar\/sitio\/presentacion\/","title":{"rendered":"PRESENTACI\u00d3N"},"content":{"rendered":"<h2 style=\"text-align: left;\"><span style=\"color: #000080;\"><b>\u00bfQU\u00c9 ES EL CONSEJO ACADEMICO INSTITUCIONAL?<\/b><\/span><\/h2>\n<p><span style=\"font-weight: 400;\">El Consejo Acad\u00e9mico Institucional (CAI) es un \u00f3rgano colegiado de asesoramiento, propuesta, debate y decisi\u00f3n, para una gesti\u00f3n participativa, en el marco de la autonom\u00eda institucional en la unidad del sistema del nivel superior, dentro de las regulaciones de la pol\u00edtica educativa jurisdiccional y federal.<\/span><\/p>\n<p><span style=\"font-weight: 400;\">El CAI constituye un \u00f3rgano que favorece el desarrollo de una gesti\u00f3n democr\u00e1tica que asume la representaci\u00f3n de los diferentes claustros en la toma de decisiones institucionales e instancias de control que aseguran el car\u00e1cter p\u00fablico de las acciones.<\/span><\/p>\n<p><span style=\"font-weight: 400;\">El CAI se organiza y se desarrolla conforme al reglamento interno aprobado, en el marco de lo establecido en la Resoluci\u00f3n 4044\/09.\u00a0<\/span><\/p>\n<p><span style=\"font-weight: 400;\">Las decisiones del CAI tendr\u00e1n car\u00e1cter vinculante para la Instituci\u00f3n en relaci\u00f3n con las responsabilidades y funciones que posee este \u00f3rgano; as\u00ed como tambi\u00e9n, car\u00e1cter de asesoramiento en toda otra cuesti\u00f3n que trate a requerimiento de los equipos de conducci\u00f3n.<\/span><\/p>\n<p>&nbsp;<\/p>\n<h2><span style=\"color: #000080;\"><b>\u00bfQU\u00c9 FUNCIONES CUMPLE?<\/b><\/span><\/h2>\n<p><span style=\"font-weight: 400;\">Intervenir en cuestiones vinculadas a la organizaci\u00f3n institucional, presupuestaria \u2013tratamiento de planta org\u00e1nico-funcional- gesti\u00f3n curricular, proyectos de articulaci\u00f3n, extensi\u00f3n e investigaci\u00f3n, concursos docentes, convivencia y trayectorias estudiantiles.<\/span><\/p>\n<p>&nbsp;<\/p>\n<h2><span style=\"color: #000080;\"><b>\u00bfQUI\u00c9NES LO INTEGRAN?<\/b><\/span><\/h2>\n<p><span style=\"font-weight: 400;\">El Consejo est\u00e1 compuesto por un integrante del Equipo de Conducci\u00f3n del Establecimiento, por representantes del Claustro Docente, del Claustro de No Docentes y del Claustro de Estudiantes<\/span><\/p>\n<h2><\/h2>\n<h2><span style=\"color: #000080;\"><b>\u00bfQU\u00c9 NORMAS REGULAN EL FUNCIONAMIENTO DEL CAI?<\/b><\/span><\/h2>\n<p><span style=\"font-weight: 400;\">Las normas que regulan el funcionamiento del CAI son la Resoluci\u00f3n 4044\/09; disposiciones y comunicaciones complementarias de la Direcci\u00f3n Provincial de Educaci\u00f3n Superior; y el Reglamento Interno B\u00e1sico del CAI.<\/span><\/p>\n<p><span style=\"font-weight: 400;\">Adem\u00e1s, el CAI atiende a todas aquellas normas emanadas de la DGCYE y del Consejo Federal de Educaci\u00f3n, que se encuentran vinculadas a los diferentes temas que aborda y sobre los que resuelve.\u00a0<\/span><\/p>\n<p>&nbsp;<\/p>\n<h2><span style=\"color: #000080;\"><b>\u00bfQUI\u00c9NES PUEDEN PARTICIPAR DE LAS REUNIONES DEL CAI Y C\u00d3MO LO HACEN?<\/b><\/span><\/h2>\n<p><span style=\"font-weight: 400;\">Las reuniones de CAI son p\u00fablicas, salvo situaci\u00f3n excepcional en acuerdo con los mecanismos pautados por la Resoluci\u00f3n 4044\/09, y comunicadas con 7 d\u00edas de anticipaci\u00f3n a la comunidad educativa y a los miembros del CAI por todos los medios disponibles. La Direcci\u00f3n ser\u00e1 la responsable de la convocatoria a reuniones ordinarias y extraordinarias<\/span><\/p>\n<p><span style=\"font-weight: 400;\">Los consejeros acad\u00e9micos ser\u00e1n quienes proponen el cronograma de reuniones ordinarias y los temas que integran el orden del d\u00eda de cada reuni\u00f3n; y quienes, con el quorum requerido para sesionar, aprobar\u00e1n\/rechazar\u00e1n por voto las diferentes propuestas que se elaboran.\u00a0\u00a0<\/span><\/p>\n<p><span style=\"font-weight: 400;\">La comunidad educativa por su parte tendr\u00e1 voz, pero no voto en los temas que trate el CAI en sesiones ordinarias.<\/span><\/p>\n<p>&nbsp;<\/p>\n<p><b>EMAIL DE CONTACTO:<\/b> <a href=\"mailto:institutocai53@gmail.com\"><span style=\"font-weight: 400;\">institutocai53@gmail.com<\/span><\/a><\/p>\n","protected":false},"excerpt":{"rendered":"<p>\u00bfQU\u00c9 ES EL CONSEJO ACADEMICO INSTITUCIONAL? El Consejo Acad\u00e9mico Institucional (CAI) es un \u00f3rgano colegiado de asesoramiento, propuesta, debate y decisi\u00f3n, para una gesti\u00f3n participativa, en el marco de la autonom\u00eda institucional en la unidad del sistema del nivel superior, dentro de las regulaciones de la pol\u00edtica educativa jurisdiccional y federal. El CAI constituye un &#8230; <a title=\"PRESENTACI\u00d3N\" class=\"read-more\" href=\"https:\/\/isfd53-bue.infd.edu.ar\/sitio\/presentacion\/\" aria-label=\"More on PRESENTACI\u00d3N\">[+]<\/a><\/p>\n","protected":false},"author":192,"featured_media":0,"parent":0,"menu_order":0,"comment_status":"closed","ping_status":"closed","template":"","meta":[],"acf":[],"_links":{"self":[{"href":"https:\/\/isfd53-bue.infd.edu.ar\/sitio\/wp-json\/wp\/v2\/pages\/1686"}],"collection":[{"href":"https:\/\/isfd53-bue.infd.edu.ar\/sitio\/wp-json\/wp\/v2\/pages"}],"about":[{"href":"https:\/\/isfd53-bue.infd.edu.ar\/sitio\/wp-json\/wp\/v2\/types\/page"}],"author":[{"embeddable":true,"href":"https:\/\/isfd53-bue.infd.edu.ar\/sitio\/wp-json\/wp\/v2\/users\/192"}],"replies":[{"embeddable":true,"href":"https:\/\/isfd53-bue.infd.edu.ar\/sitio\/wp-json\/wp\/v2\/comments?post=1686"}],"version-history":[{"count":3,"href":"https:\/\/isfd53-bue.infd.edu.ar\/sitio\/wp-json\/wp\/v2\/pages\/1686\/revisions"}],"predecessor-version":[{"id":1703,"href":"https:\/\/isfd53-bue.infd.edu.ar\/sitio\/wp-json\/wp\/v2\/pages\/1686\/revisions\/1703"}],"wp:attachment":[{"href":"https:\/\/isfd53-bue.infd.edu.ar\/sitio\/wp-json\/wp\/v2\/media?parent=1686"}],"curies":[{"name":"wp","href":"https:\/\/api.w.org\/{rel}","templated":true}]}}