{"id":1072,"date":"2019-12-13T00:57:24","date_gmt":"2019-12-13T03:57:24","guid":{"rendered":"https:\/\/isfd53-bue.infd.edu.ar\/sitio\/?page_id=1072"},"modified":"2021-05-18T20:20:14","modified_gmt":"2021-05-18T23:20:14","slug":"novedades","status":"publish","type":"page","link":"https:\/\/isfd53-bue.infd.edu.ar\/sitio\/novedades\/","title":{"rendered":"NOVEDADES"},"content":{"rendered":"<p><img decoding=\"async\" loading=\"lazy\" class=\"alignnone size-medium wp-image-1773\" src=\"https:\/\/isfd53-bue.infd.edu.ar\/sitio\/wp-content\/uploads\/2021\/05\/processed-1000x709.jpeg\" alt=\"\" width=\"1000\" height=\"709\" srcset=\"https:\/\/isfd53-bue.infd.edu.ar\/sitio\/wp-content\/uploads\/2021\/05\/processed-1000x709.jpeg 1000w, https:\/\/isfd53-bue.infd.edu.ar\/sitio\/wp-content\/uploads\/2021\/05\/processed-768x545.jpeg 768w, https:\/\/isfd53-bue.infd.edu.ar\/sitio\/wp-content\/uploads\/2021\/05\/processed.jpeg 1280w\" sizes=\"(max-width: 1000px) 100vw, 1000px\" \/><\/p>\n<p>&nbsp;<\/p>\n<h1 style=\"text-align: center;\"><strong>\u2022Atenci\u00f3n estudiantes del 53\u2022<\/strong><\/h1>\n<p>El Centro de Estudiantes se reuni\u00f3 con una compa\u00f1era del instituto que tiene una librer\u00eda y que decidi\u00f3 hacer un precio econ\u00f3mico para estudiantes de nuestro instituto, el precio de la copia\/impresi\u00f3n es de\u00a0<strong>$2, 00<\/strong>\u00a0y la librer\u00eda queda en M\u00e9ndez 1360, esquina Alsina, barrio Santa Ana, Glew. A 10 cuadras de la estaci\u00f3n de Glew, pueden retirar las impresiones all\u00ed.<\/p>\n<p>Nos dejo su n\u00famero de WhatsApp en el que recibir\u00e1 sus pedidos de Lunes a Viernes de 13hs a 19hs.\u00a0<em>Wap: 1121574932, Micaela.<\/em><\/p>\n","protected":false},"excerpt":{"rendered":"<p>&nbsp; \u2022Atenci\u00f3n estudiantes del 53\u2022 El Centro de Estudiantes se reuni\u00f3 con una compa\u00f1era del instituto que tiene una librer\u00eda y que decidi\u00f3 hacer un precio econ\u00f3mico para estudiantes de nuestro instituto, el precio de la copia\/impresi\u00f3n es de\u00a0$2, 00\u00a0y la librer\u00eda queda en M\u00e9ndez 1360, esquina Alsina, barrio Santa Ana, Glew. A 10 cuadras &#8230; <a title=\"NOVEDADES\" class=\"read-more\" href=\"https:\/\/isfd53-bue.infd.edu.ar\/sitio\/novedades\/\" aria-label=\"More on NOVEDADES\">[+]<\/a><\/p>\n","protected":false},"author":192,"featured_media":0,"parent":0,"menu_order":0,"comment_status":"closed","ping_status":"closed","template":"","meta":[],"acf":[],"_links":{"self":[{"href":"https:\/\/isfd53-bue.infd.edu.ar\/sitio\/wp-json\/wp\/v2\/pages\/1072"}],"collection":[{"href":"https:\/\/isfd53-bue.infd.edu.ar\/sitio\/wp-json\/wp\/v2\/pages"}],"about":[{"href":"https:\/\/isfd53-bue.infd.edu.ar\/sitio\/wp-json\/wp\/v2\/types\/page"}],"author":[{"embeddable":true,"href":"https:\/\/isfd53-bue.infd.edu.ar\/sitio\/wp-json\/wp\/v2\/users\/192"}],"replies":[{"embeddable":true,"href":"https:\/\/isfd53-bue.infd.edu.ar\/sitio\/wp-json\/wp\/v2\/comments?post=1072"}],"version-history":[{"count":2,"href":"https:\/\/isfd53-bue.infd.edu.ar\/sitio\/wp-json\/wp\/v2\/pages\/1072\/revisions"}],"predecessor-version":[{"id":1778,"href":"https:\/\/isfd53-bue.infd.edu.ar\/sitio\/wp-json\/wp\/v2\/pages\/1072\/revisions\/1778"}],"wp:attachment":[{"href":"https:\/\/isfd53-bue.infd.edu.ar\/sitio\/wp-json\/wp\/v2\/media?parent=1072"}],"curies":[{"name":"wp","href":"https:\/\/api.w.org\/{rel}","templated":true}]}}