{"id":1058,"date":"2019-12-12T22:46:56","date_gmt":"2019-12-13T01:46:56","guid":{"rendered":"https:\/\/isfd53-bue.infd.edu.ar\/sitio\/?page_id=1058"},"modified":"2026-05-04T17:11:35","modified_gmt":"2026-05-04T20:11:35","slug":"concursos","status":"publish","type":"page","link":"https:\/\/isfd53-bue.infd.edu.ar\/sitio\/concursos\/","title":{"rendered":"CONCURSOS 2026"},"content":{"rendered":"\n<p>&#8212;&#8212;&#8212;&#8212;&#8212;&#8212;&#8212;&#8212;&#8212;&#8212;&#8212;&#8212;&#8212;&#8212;&#8212;&#8212;&#8212;&#8212;&#8212;&#8212;&#8212;&#8212;&#8212;&#8212;&#8212;&#8212;&#8212;&#8212;&#8212;&#8212;&#8212;&#8212;&#8212;&#8212;&#8212;&#8212;&#8212;&#8212;&#8212;&#8212;&#8212;&#8212;&#8212;&#8212;&#8212;&#8212;&#8212;&#8212;&#8212;&#8212;&#8212;&#8212;&#8212;&#8212;&#8212;&#8212;&#8212;&#8212;&#8212;&#8212;&#8212;&#8212;&#8212;&#8212;&#8212;&#8212;&#8212;&#8212;&#8212;&#8212;&#8212;&#8212;<\/p>\n\n\n\n<p class=\"has-large-font-size\">DOCUMENTACI\u00d3N PARA CONCURSOS DOCENTES 2026<\/p>\n\n\n\n<p>NUEVA RESOLUCI\u00d3N DE CONCURSOS 6179-2025<\/p>\n\n\n\n<div class=\"wp-block-file\"><object class=\"wp-block-file__embed\" data=\"https:\/\/isfd53-bue.infd.edu.ar\/sitio\/wp-content\/uploads\/2026\/05\/RESOC-2025-6179-GDEBA-DGCYE.pdf\" type=\"application\/pdf\" style=\"width:100%;height:600px\" aria-label=\"Incrustado de RESOC-2025-6179-GDEBA-DGCYE.\"><\/object><a id=\"wp-block-file--media-729acd38-cc69-4adc-ba70-3b2d4645d5cb\" href=\"https:\/\/isfd53-bue.infd.edu.ar\/sitio\/wp-content\/uploads\/2026\/05\/RESOC-2025-6179-GDEBA-DGCYE.pdf\">RESOC-2025-6179-GDEBA-DGCYE<\/a><a href=\"https:\/\/isfd53-bue.infd.edu.ar\/sitio\/wp-content\/uploads\/2026\/05\/RESOC-2025-6179-GDEBA-DGCYE.pdf\" class=\"wp-block-file__button wp-element-button\" download aria-describedby=\"wp-block-file--media-729acd38-cc69-4adc-ba70-3b2d4645d5cb\">Descarga<\/a><\/div>\n\n\n\n<p><\/p>\n\n\n\n<div class=\"wp-block-file\"><a id=\"wp-block-file--media-f18bf951-816d-4a79-808a-cbf59c6d3ca9\" href=\"https:\/\/isfd53-bue.infd.edu.ar\/sitio\/wp-content\/uploads\/2026\/05\/Anexo-9-Formulario-1-Planilla-de-Inscripcion-Declaracion-Jurada.docx\">Anexo-9-Formulario-1-Planilla-de-Inscripcion-Declaracion-Jurada<\/a><a href=\"https:\/\/isfd53-bue.infd.edu.ar\/sitio\/wp-content\/uploads\/2026\/05\/Anexo-9-Formulario-1-Planilla-de-Inscripcion-Declaracion-Jurada.docx\" class=\"wp-block-file__button wp-element-button\" download aria-describedby=\"wp-block-file--media-f18bf951-816d-4a79-808a-cbf59c6d3ca9\">Descarga<\/a><\/div>\n\n\n\n<p><\/p>\n\n\n\n<div class=\"wp-block-file\"><a id=\"wp-block-file--media-bf375419-8910-4fb9-9b65-ef9b41094381\" href=\"https:\/\/isfd53-bue.infd.edu.ar\/sitio\/wp-content\/uploads\/2026\/05\/Anexo-9-Formulario-2-2.1-Formacion-Academica-pertinente-para-los-modulos-_-horas-catedras-_-cargo-a-los-que-aspira.docx\">Anexo-9-Formulario-2-2.1-Formacion-Academica-pertinente-para-los-modulos-_-horas-catedras-_-cargo-a-los-que-aspira<\/a><a href=\"https:\/\/isfd53-bue.infd.edu.ar\/sitio\/wp-content\/uploads\/2026\/05\/Anexo-9-Formulario-2-2.1-Formacion-Academica-pertinente-para-los-modulos-_-horas-catedras-_-cargo-a-los-que-aspira.docx\" class=\"wp-block-file__button wp-element-button\" download aria-describedby=\"wp-block-file--media-bf375419-8910-4fb9-9b65-ef9b41094381\">Descarga<\/a><\/div>\n\n\n\n<p><\/p>\n\n\n\n<div class=\"wp-block-file\"><a id=\"wp-block-file--media-0502a85c-9944-4321-9edd-a73e91adf31b\" href=\"https:\/\/isfd53-bue.infd.edu.ar\/sitio\/wp-content\/uploads\/2026\/05\/Anexo-9-Formulario-2-2.2-Desempeno-en-el-Nivel-Superior.docx\">Anexo-9-Formulario-2-2.2-Desempeno-en-el-Nivel-Superior<\/a><a href=\"https:\/\/isfd53-bue.infd.edu.ar\/sitio\/wp-content\/uploads\/2026\/05\/Anexo-9-Formulario-2-2.2-Desempeno-en-el-Nivel-Superior.docx\" class=\"wp-block-file__button wp-element-button\" download aria-describedby=\"wp-block-file--media-0502a85c-9944-4321-9edd-a73e91adf31b\">Descarga<\/a><\/div>\n\n\n\n<p><\/p>\n\n\n\n<div class=\"wp-block-file\"><a id=\"wp-block-file--media-1082c4fa-376b-4c1d-9f5c-f6d97a6e334d\" href=\"https:\/\/isfd53-bue.infd.edu.ar\/sitio\/wp-content\/uploads\/2026\/05\/Anexo-9-Formulario-2-2.3-Desempeno-en-otros-Niveles-y_o-modalidades-.docx\">Anexo-9-Formulario-2-2.3-Desempeno-en-otros-Niveles-y_o-modalidades-<\/a><a href=\"https:\/\/isfd53-bue.infd.edu.ar\/sitio\/wp-content\/uploads\/2026\/05\/Anexo-9-Formulario-2-2.3-Desempeno-en-otros-Niveles-y_o-modalidades-.docx\" class=\"wp-block-file__button wp-element-button\" download aria-describedby=\"wp-block-file--media-1082c4fa-376b-4c1d-9f5c-f6d97a6e334d\">Descarga<\/a><\/div>\n\n\n\n<p><\/p>\n\n\n\n<div class=\"wp-block-file\"><a id=\"wp-block-file--media-6406bac5-57b6-4329-8f71-bb002f9a89ff\" href=\"https:\/\/isfd53-bue.infd.edu.ar\/sitio\/wp-content\/uploads\/2026\/05\/Anexo-9-Formulario-2-2.4-Antecedentes-que-considera-pertinentes-para-los-modulos_horas-catedras_cargo-para-el-que-se-inscribe.docx\">Anexo-9-Formulario-2-2.4-Antecedentes-que-considera-pertinentes-para-los-modulos_horas-catedras_cargo-para-el-que-se-inscribe<\/a><a href=\"https:\/\/isfd53-bue.infd.edu.ar\/sitio\/wp-content\/uploads\/2026\/05\/Anexo-9-Formulario-2-2.4-Antecedentes-que-considera-pertinentes-para-los-modulos_horas-catedras_cargo-para-el-que-se-inscribe.docx\" class=\"wp-block-file__button wp-element-button\" download aria-describedby=\"wp-block-file--media-6406bac5-57b6-4329-8f71-bb002f9a89ff\">Descarga<\/a><\/div>\n\n\n\n<p><\/p>\n\n\n\n<p>R\u00e9gimen Acad\u00e9mico Institucional &#8211; Descargar<\/p>\n\n\n\n<p>Proyecto de Evaluaci\u00f3n Institucional ISFDyT N\u00ba 53 &#8211;  Descargar<\/p>\n\n\n\n<hr class=\"wp-block-separator has-alpha-channel-opacity\"\/>\n\n\n\n<p class=\"has-medium-font-size\">Dise\u00f1os curriculares<\/p>\n\n\n\n<ul>\n<li>Dise\u00f1o Curricular para la Educaci\u00f3n Superior. Niveles Inicial y Primario:&nbsp;<a href=\"https:\/\/isfd53-bue.infd.edu.ar\/sitio\/wp-content\/uploads\/2019\/12\/dcurricularsuperiorPrimaria-e-Inicial.pdf\">dcurricularsuperiorPrimaria e Inicial<\/a><\/li>\n\n\n\n<li>Dise\u00f1o Curricular para la Tecnicatura Superior en Enfermer\u00eda:\u00a0<a href=\"https:\/\/isfd53-bue.infd.edu.ar\/sitio\/wp-content\/uploads\/2019\/12\/Dise\u00f1o-Curricular-Resolucion-854-16-Enfermeria.pdf\">Dise\u00f1o Curricular- Resolucion 854-16 Enfermeria<\/a><\/li>\n\n\n\n<li>Dise\u00f1o Curricular para el profesorado de Educaci\u00f3n F\u00edsica: <a href=\"http:\/\/servicios.abc.gov.ar\/lainstitucion\/organismos\/consejogeneral\/disenioscurriculares\/documentosdescarga\/res2432-09fd_educ_fisica.pdf\" data-type=\"URL\" data-id=\"http:\/\/servicios.abc.gov.ar\/lainstitucion\/organismos\/consejogeneral\/disenioscurriculares\/documentosdescarga\/res2432-09fd_educ_fisica.pdf\">http:\/\/servicios.abc.gov.ar\/lainstitucion\/organismos\/consejogeneral\/disenioscurriculares\/documentosdescarga\/res2432-09fd_educ_fisica.pdf<\/a><\/li>\n\n\n\n<li>Dise\u00f1o curricular para la Tecnicatura Superior en Trabajo Social: <\/li>\n<\/ul>\n\n\n\n<div class=\"wp-block-file\"><object class=\"wp-block-file__embed\" data=\"https:\/\/isfd53-bue.infd.edu.ar\/sitio\/wp-content\/uploads\/2026\/05\/T.-SOCIAL-COMPLETO.pdf\" type=\"application\/pdf\" style=\"width:100%;height:600px\" aria-label=\"Incrustado de T.-SOCIAL-COMPLETO.\"><\/object><a id=\"wp-block-file--media-bce8c249-fe37-4d8e-841e-6442ad74db22\" href=\"https:\/\/isfd53-bue.infd.edu.ar\/sitio\/wp-content\/uploads\/2026\/05\/T.-SOCIAL-COMPLETO.pdf\">T.-SOCIAL-COMPLETO<\/a><a href=\"https:\/\/isfd53-bue.infd.edu.ar\/sitio\/wp-content\/uploads\/2026\/05\/T.-SOCIAL-COMPLETO.pdf\" class=\"wp-block-file__button wp-element-button\" download aria-describedby=\"wp-block-file--media-bce8c249-fe37-4d8e-841e-6442ad74db22\">Descarga<\/a><\/div>\n","protected":false},"excerpt":{"rendered":"<p>&#8212;&#8212;&#8212;&#8212;&#8212;&#8212;&#8212;&#8212;&#8212;&#8212;&#8212;&#8212;&#8212;&#8212;&#8212;&#8212;&#8212;&#8212;&#8212;&#8212;&#8212;&#8212;&#8212;&#8212;&#8212;&#8212;&#8212;&#8212;&#8212;&#8212;&#8212;&#8212;&#8212;&#8212;&#8212;&#8212;&#8212;&#8212;&#8212;&#8212;&#8212;&#8212;&#8212;&#8212;&#8212;&#8212;&#8212;&#8212;&#8212;&#8212;&#8212;&#8212;&#8212;&#8212;&#8212;&#8212;&#8212;&#8212;&#8212;&#8212;&#8212;&#8212;&#8212;&#8212;&#8212;&#8212;&#8212;&#8212;&#8212;&#8212;&#8212;&#8212; DOCUMENTACI\u00d3N PARA CONCURSOS DOCENTES 2026 NUEVA RESOLUCI\u00d3N DE CONCURSOS 6179-2025 R\u00e9gimen Acad\u00e9mico Institucional &#8211; Descargar Proyecto de Evaluaci\u00f3n Institucional ISFDyT N\u00ba 53 &#8211; Descargar Dise\u00f1os curriculares<\/p>\n","protected":false},"author":192,"featured_media":0,"parent":0,"menu_order":0,"comment_status":"closed","ping_status":"closed","template":"","meta":[],"acf":[],"_links":{"self":[{"href":"https:\/\/isfd53-bue.infd.edu.ar\/sitio\/wp-json\/wp\/v2\/pages\/1058"}],"collection":[{"href":"https:\/\/isfd53-bue.infd.edu.ar\/sitio\/wp-json\/wp\/v2\/pages"}],"about":[{"href":"https:\/\/isfd53-bue.infd.edu.ar\/sitio\/wp-json\/wp\/v2\/types\/page"}],"author":[{"embeddable":true,"href":"https:\/\/isfd53-bue.infd.edu.ar\/sitio\/wp-json\/wp\/v2\/users\/192"}],"replies":[{"embeddable":true,"href":"https:\/\/isfd53-bue.infd.edu.ar\/sitio\/wp-json\/wp\/v2\/comments?post=1058"}],"version-history":[{"count":105,"href":"https:\/\/isfd53-bue.infd.edu.ar\/sitio\/wp-json\/wp\/v2\/pages\/1058\/revisions"}],"predecessor-version":[{"id":2728,"href":"https:\/\/isfd53-bue.infd.edu.ar\/sitio\/wp-json\/wp\/v2\/pages\/1058\/revisions\/2728"}],"wp:attachment":[{"href":"https:\/\/isfd53-bue.infd.edu.ar\/sitio\/wp-json\/wp\/v2\/media?parent=1058"}],"curies":[{"name":"wp","href":"https:\/\/api.w.org\/{rel}","templated":true}]}}